t common divisor of 1552 and 1602052?
388
What is the greatest common divisor of 957 and 451407?
33
Calculate the highest common divisor of 741 and 567148803.
741
Calculate the highest common factor of 1682 and 39692126.
58
What is the greatest common factor of 7471422 and 32508?
5418
What is the greatest common factor of 460 and 11740488?
92
Calculate the greatest common factor of 220 and 31229396.
44
Calculate the highest common factor of 73 and 340213361.
73
What is the greatest common factor of 158969745 and 13959?
4653
What is the greatest common factor of 210887 and 930097?
1219
Calculate the highest common factor of 1616 and 143502416.
1616
Calculate the highest common factor of 31914 and 301213.
197
Calculate the highest common divisor of 20827 and 83367.
59
Calculate the greatest common divisor of 17498910 and 98670.
4290
What is the highest common factor of 13592 and 297320?
8
What is the highest common divisor of 72424 and 6336?
88
Calculate the highest common factor of 4224090 and 1560.
390
What is the highest common factor of 255534 and 111?
3
Calculate the highest common factor of 4690 and 158335338.
938
What is the greatest common divisor of 2940 and 264330255?
735
Calculate the greatest common divisor of 263624 and 632.
8
Calculate the highest common factor of 13877826 and 5754.
822
Calculate the highest common divisor of 17560 and 34606370.
4390
Calculate the highest common factor of 70994 and 4933622.
922
Calculate the greatest common factor of 382900 and 3024.
28
What is the highest common divisor of 2351305 and 15?
5
What is the highest common divisor of 7989579 and 598?
299
Calculate the highest common divisor of 2457106 and 213968.
86
Calculate the greatest common factor of 52 and 40744964.
52
What is the greatest common factor of 276913 and 303212?
1547
What is the greatest common divisor of 1310638819 and 3057?
1019
Calculate the highest common divisor of 56064130 and 20.
10
Calculate the highest common factor of 52 and 590057.
13
What is the greatest common divisor of 6281253 and 1188?
297
What is the greatest common divisor of 13255136 and 10496?
1312
What is the highest common divisor of 90 and 81087870?
30
Calculate the highest common divisor of 84750987 and 10884.
2721
Calculate the greatest common factor of 17150 and 2019025.
25
Calculate the greatest common divisor of 3625 and 6060891250.
3625
What is the greatest common factor of 49375 and 415935?
395
Calculate the highest common divisor of 246 and 41415207.
123
What is the highest common factor of 5557572 and 28917?
1377
What is the greatest common factor of 34350 and 34114130?
2290
Calculate the greatest common factor of 25915 and 19637.
73
Calculate the highest common factor of 6809081 and 69.
23
What is the highest common divisor of 144712221 and 2649?
2649
Calculate the highest common factor of 487541 and 14885.
229
Calculate the highest common divisor of 47327270 and 5030.
5030
What is the greatest common factor of 6 and 314418594?
6
What is the greatest common factor of 20732096 and 539?
539
Calculate the highest common factor of 136 and 90232.
8
Calculate the greatest common factor of 772105466 and 110.
22
Calculate the highest common divisor of 56010 and 53250.
30
What is the greatest common divisor of 10992 and 133296?
48
Calculate the greatest common factor of 833400 and 264800.
200
What is the highest common factor of 1143 and 13677?
3
What is the highest common divisor of 3200945 and 55?
55
What is the highest common divisor of 1590 and 5253095?
265
What is the highest common divisor of 285536539 and 17?
17
Calculate the highest common divisor of 447866776 and 16.
8
Calculate the greatest common factor of 904544 and 100.
4
What is the greatest common factor of 7500 and 73104?
12
Calculate the greatest common factor of 112 and 26627440.
112
What is the highest common factor of 722879 and 1548249?
907
Calculate the greatest common factor of 2873668 and 348.
116
Calculate the greatest common factor of 37178 and 81407.
641
What is the highest common factor of 905989 and 535717?
203
Calculate the highest common divisor of 1573164 and 1459422.
1602
Calculate the highest common factor of 58184991 and 9.
9
Calculate the highest common factor of 212836 and 46228.
52
Calculate the greatest common divisor of 2197 and 11934611.
169
What is the highest common divisor of 521 and 1816?
1
What is the highest common divisor of 7469616 and 387750?
3102
Calculate the highest common factor of 7965648 and 5616.
432
Calculate the highest common factor of 202 and 110040914.
202
Calculate the greatest common factor of 2075 and 3337015.
415
Calculate the highest common factor of 2142 and 91078554.
714
Calculate the greatest common factor of 7217428 and 3088.
772
Calculate the greatest common divisor of 64 and 47521.
1
Calculate the greatest common factor of 730 and 49416985.
365
What is the greatest common factor of 25240149 and 5841?
99
What is the highest common factor of 286 and 3407426?
22
What is the greatest common factor of 1702 and 1537688?
46
What is the greatest common divisor of 5466 and 13710?
6
Calculate the greatest common factor of 1545387 and 28497.
177
Calculate the highest common divisor of 684 and 2669025.
57
What is the greatest common divisor of 156176 and 179557?
227
What is the greatest common divisor of 1386 and 1751148?
126
Calculate the highest common factor of 36 and 34820262.
18
What is the greatest common divisor of 29469 and 5639953?
517
Calculate the highest common divisor of 14 and 126696234.
14
What is the highest common factor of 1345 and 2840?
5
What is the highest common divisor of 16248 and 3182577?
2031
Calculate the highest common divisor of 14257 and 338133.
269
Calculate the greatest common factor of 6993096 and 120.
24
What is the greatest common divisor of 111941 and 137609?
713
Calculate the greatest common factor of 1105576290 and 243.
81
Calculate the highest common factor of 1436 and 183209188.
1436
Calculate the highest common divisor of 3746437 and 19.
1
Calculate the greatest common factor of 111773025 and 58401.
6489
What is the greatest common divisor of 38 and 392271948?
38
What is the greatest common divisor of 172 and 568657972?
172
Calculate the greatest common divisor of 14673 and 5017071.
219
What is the highest common divisor of 73 and 16338057?
73
Calculate the highest common factor of 188 and 1028841327.
47
Calculate the greatest common factor of 92 and 534411440.
92
What is the greatest common factor of 120 and 187669720?
40
Calculate the greatest common factor of 444 and 6946206.
6
Calculate the greatest common factor of 12259 and 2927831.
23
What is the greatest common divisor of 15364 and 21896?
92
Calculate the greatest common factor of 36141553 and 91751.
8341
What is the greatest common divisor of 3097551 and 63108?
5259
Calculate the highest common factor of 376880 and 158155.
3365
Calculate the greatest common factor of 4550065 and 60255.
65
What is the greatest common factor of 102492 and 2612451?
219
What is the highest common factor of 36 and 32442345?
9
What is the greatest common factor of 58 and 12484703?
29
What is the highest common factor of 262558366 and 98?
98
What is the greatest common divisor of 2025379560 and 60?
60
What is the highest common factor of 146367 and 419094?
1053
Calculate the highest common factor of 176557617 and 62.
31
Calculate the greatest common divisor of 43227 and 12447.
27
Calculate the highest common factor of 78332 and 316.
4
Calculate the highest common factor of 75 and 3589130.
5
Calculate the highest common divisor of 184707 and 19325825.
6841
What is the highest common divisor of 7202144 and 208?
16
What is the greatest common divisor of 22184 and 55283?
59
What is the greatest common factor of 30724 and 8316?
4
Calculate the highest common divisor of 4752 and 31757.
11
What is the highest common divisor of 406760 and 750?
10
Calculate the greatest common divisor of 1230 and 60880.
10
Calculate the greatest common factor of 87408 and 17154.
18
What is the highest common factor of 1026780 and 5450?
1090
What is the greatest common factor of 1400 and 1411375?
175
What is the highest common divisor of 4402 and 766444?
62
Calculate the greatest common factor of 